145
Let u = 14128 - 20892. What is the remainder when (u/(-304))/((-1)/(-8)) is divided by 91?
87
Let u(i) = i**2 + 51*i - 105. What is the remainder when 110 is divided by u(2)?
0
Suppose -y - 8 = -206. Let c = -126 + y. Calculate the remainder when c is divided by 25.
22
Let a(f) = -114*f - 115. Calculate the remainder when 477 is divided by a(-3).
23
Suppose -1735 - 2763 = -346*o. What is the remainder when 13375 is divided by o?
11
Let q = 2616 + -2003. What is the remainder when q is divided by 28?
25
Let l = 91 + -61. Suppose -2*x + 32 = 2*f, -401*x + 5*f - 32 = -403*x. What is the remainder when l is divided by x?
14
Let u(c) = 250*c - 200. What is the remainder when 341 is divided by u(1)?
41
Let l be (-8 + 20)*(-10)/(-8). Suppose -l = 5*t + 20. Let s(w) = -w**3 - 7*w**2 - 3*w - 5. Calculate the remainder when 39 is divided by s(t).
7
Let g(k) = k**3 + 14*k**2 + 10*k - 209. Calculate the remainder when 369 is divided by g(-11).
17
Let r = 6274 + -6220. What is the remainder when 1233 is divided by r?
45
Suppose -5*s - 31 = -1. Let y(r) be the third derivative of -r**5/60 - r**4/3 + 2*r**3/3 - r**2 - 19*r + 2. Calculate the remainder when 57 is divided by y(s).
9
Suppose 3*d + 1114 = -5*v - 0*d, -1090 = 5*v - 5*d. Let r = 253 + v. What is the remainder when r is divided by 19?
13
Let c(o) = 142*o + 25. Let t(u) = 47*u + 8. Let y(x) = -6*c(x) + 17*t(x). Calculate the remainder when 76 is divided by y(-1).
37
Suppose 0 = -3*h - 250 + 1384. Calculate the remainder when h is divided by 191.
187
Let z = 56 + -49. Suppose 9*d - z*d - 34 = 0. What is the remainder when 80 is divided by d?
12
Suppose 0 = -8*x - 54 - 130. Let g(i) = -i**3 - 22*i**2 + 21*i - 17. Calculate the remainder when 1/(9/(-345))*-3 is divided by g(x).
28
Suppose -7*h - 10 + 318 = 5*q, -5*h - 2*q = -209. Calculate the remainder when 168 is divided by h.
12
Calculate the remainder when (2542/(-186))/((-2)/12) is divided by 43.
39
Let k(g) = -g**2 + g + 324. Let d be k(0). Suppose -3*o + d = -0*o. What is the remainder when o is divided by 8*(-9 + 1 - -22)/4?
24
Let i(h) = -2*h**3 + 10*h**2 + 40*h - 131. What is the remainder when (-4)/18 + 16320/54 is divided by i(4)?
58
Suppose -2*c + 156 + 69 = 3*g, c - 4*g - 140 = 0. Suppose 20*i + c = 17*i. Let l = 44 + i. Calculate the remainder when 8 is divided by l.
0
Let n(h) = 60*h - 295. Let y(p) = -28*p + 147. Let t(i) = 2*n(i) + 5*y(i). What is the remainder when t(5) is divided by 16?
13
Suppose 1309*a = 1318*a - 639. Calculate the remainder when 104 is divided by a.
33
Suppose 3*r + 9 = k, -3*k + 57 = -3*r + 4*r. Let w = k + 26. Calculate the remainder when 79 is divided by w.
35
Let t = -2 + 58. Let g(f) be the second derivative of f**5/20 - 11*f**4/12 - 11*f**3/6 + 7*f**2/2 + 2*f + 7. Calculate the remainder when t is divided by g(12).
18
Suppose 5*x - 8*x + 1227 = 0. Suppose 3*f + x = 457. Calculate the remainder when 44 is divided by f.
12
What is the remainder when (-8)/92 - 71032/(-92) is divided by 39?
31
Suppose 1090*x = 1079*x + 935. What is the remainder when 249 is divided by x?
79
Suppose -1416 = -8*f + 128. Calculate the remainder when f is divided by -6 - (-7 - 10 - 3).
11
Let v be 37 + (3 + 1)*-1. Let z = v + -28. Suppose 16 = -z*m + 41. Calculate the remainder when 21 is divided by m.
1
Suppose 31*v - 71*v + 22003 - 163 = 0. What is the remainder when v is divided by 12?
6
Let g = 48 - 43. Suppose 12 = 2*o + 4*v - 5*v, 2*v - 12 = -g*o. Suppose 2*j = 2*r - 244, -o*r + r = 5*j - 342. Calculate the remainder when r is divided by 30.
29
Let h(j) = 4*j**2 + 5*j - 925. What is the remainder when 1504 is divided by h(15)?
4
Let i(y) = -2*y**3 + 94*y**2 - 94*y + 213. Let v = 53 - -13. What is the remainder when i(46) is divided by v?
55
Suppose -5*f + 35 = 0, -5*f = -4*m + 85 + 56. Suppose -a - 4*a + 60 = 0. What is the remainder when m is divided by a?
8
Let r = -1190 - -2475. What is the remainder when r is divided by 428?
1
Let b(m) = 4*m + 2*m + 27 - 14*m - 8*m. Let y be b(17). What is the remainder when 66 is divided by 2/3 - y/15?
15
Let o = 33 - 31. Suppose -4*d + 126 = o*l + l, -2*l = -3*d - 101. Let b = l - 26. What is the remainder when 75 is divided by b?
15
Suppose 490*j = 479*j + 3531. Let k = -55 - -101. What is the remainder when j is divided by k?
45
Suppose 757 = 27*l + 136. What is the remainder when 1745 is divided by l?
20
Suppose -2059*t = -2064*t + 1235. What is the remainder when 1983 is divided by t?
7
What is the remainder when -4071*(759/(-1656) - 2/(-16)) is divided by 447?
16
Let m = -183 - -26. Let k = m - -142. What is the remainder when 81 is divided by 68*(k/20 - -1)?
13
Suppose 5*x = 8*w + 3651, -2*x + w + 885 = -582. What is the remainder when x is divided by 155?
115
What is the remainder when 63/21*((-393)/(-9) - -5) is divided by 99?
47
Let d = -21 + 21. Suppose d = 8*k - 3*k + 2*q - 39, 5*k = 4*q + 27. What is the remainder when 15 is divided by k?
1
Suppose 0 = -854*q + 869*q - 345. What is the remainder when q is divided by 1/(4 - 2) - 165/(-22)?
7
Suppose 0 = 3*s + 6*s - 3033. Suppose 17*k - 15*k + 3*a - 225 = 0, 3*k = -4*a + s. Calculate the remainder when k is divided by 29.
24
Suppose -69881 = -255*k + 69859. Calculate the remainder when 573 is divided by k.
25
Let v(g) = -669*g - 74. Calculate the remainder when v(-2) is divided by 352.
208
Let v = -54 + 54. Let i(s) = -2*s**3 - s**2 - 2*s + 31. What is the remainder when i(0) is divided by 8 - (6 - 5)*v?
7
Suppose 193508 = 8201*c - 8187*c. Calculate the remainder when c is divided by 64.
62
Let d(m) = 10*m**2 + 61*m - 144. Calculate the remainder when 2518 is divided by d(-8).
6
Let a = 179 - 131. Suppose -x + 3 = -a. What is the remainder when x is divided by 6?
3
Let f = -1318 + 1458. What is the remainder when 305 is divided by f?
25
Let t = 2732 + -1270. Calculate the remainder when t is divided by 11.
10
Suppose i - 3 = 5. Let y = -4 + i. Calculate the remainder when (-4)/22 + (-25 - 7704/(-264)) is divided by y.
0
Let f(k) = 14*k - 5. Let x be f(-7). Let z = -98 - x. Suppose z*n + 3*u - 30 = 0, -3*u - 12 - 3 = 0. Calculate the remainder when n is divided by 4.
1
Let y be (-2 + 14)/6*1. Suppose -2*j + 38 = -y*u, -5*j + 2*u + 85 = -u. Calculate the remainder when 94 is divided by j.
10
What is the remainder when 2259 is divided by (-2242)/(-380) - ((-21)/10 + 2)?
3
Suppose -49 = -3*r - 23*b + 18*b, -7*b = 2*r - 40. What is the remainder when 4313 is divided by r?
10
Suppose -2 = -s - s. Let r(g) = 8*g. Let c = 47 + -1. What is the remainder when c is divided by r(s)?
6
Let c = 60 + -60. Let n(d) = -d**2 - d + 88. Let s be n(c). Suppose 4*i + s = 212. Calculate the remainder when 123 is divided by i.
30
Suppose -t + 16 + 9 = 0. Let b(r) = 26*r + 9. Let u(m) = 129*m + 45. Let o(w) = 11*b(w) - 2*u(w). Calculate the remainder when o(4) is divided by t.
21
Let d = -457 + 461. Suppose d*z = -4*b + 1012, 0 = -3*z - 3*b + 8*b + 735. What is the remainder when z is divided by 23?
20
Let s be (-137)/(-2 - (-9 + 8)). Suppose 145*j - s*j - 1024 = 0. What is the remainder when j is divided by 36?
20
Let o be 5/(-10) + (-9)/2. Let h be o/((-15)/99) - 3. Suppose -g = g - h. What is the remainder when 28 is divided by g?
13
Suppose -14*w = -18*w + 8, 5*n - 504 = 3*w. Suppose n = -d + 3*d. Calculate the remainder when d is divided by 11.
7
Suppose 0 = -276*s + 158185 + 185435. What is the remainder when s is divided by 618?
9
Let h(g) = -g**3 + 16*g**2 - 157*g - 3. What is the remainder when h(-13) is divided by 53?
49
Suppose -12 = -3*d, 2*b + 2*d = 4*b. Suppose 2*u + 65 = 4*y - 3*u, 5*y = -b*u + 30. Calculate the remainder when 12 is divided by y.
2
Let t(b) = 48*b + 24. Calculate the remainder when t(20) is divided by 19.
15
Suppose 166 = 2*s - 2*w, -3*w + 171 = 2*s + 15. Calculate the remainder when 164 is divided by s.
2
Calculate the remainder when 11636/32 + (-4)/((-160)/15) is divided by 124.
116
Let m be 10/(-4)*(-29 + 35). Calculate the remainder when (-1148)/(-7) + m/(-2 + 5) is divided by 6.
3
Suppose 4*f - 567 = -5*f. Suppose -3*z + 15 = 0, -5*z + 76 = 40*r - 37*r. Calculate the remainder when f is divided by r.
12
Suppose b = 3*w - 11, 0 = b + 1 - 2. Suppose -18 = -w*i + 26. Suppose m - i = j, -6 = -0*j + 3*j. What i